{"id":402,"date":"2013-01-05T09:06:28","date_gmt":"2013-01-05T09:06:28","guid":{"rendered":"http:\/\/skolehaver.com\/?page_id=402"},"modified":"2013-01-05T09:07:05","modified_gmt":"2013-01-05T09:07:05","slug":"frydenlunds-laeserbarometer","status":"publish","type":"page","link":"http:\/\/skolehaver.com\/?page_id=402","title":{"rendered":"Frydenlunds l\u00e6serbarometer"},"content":{"rendered":"<p><strong>Forlaget Frydenlund har sendt Skolehaver i praksis til vurdering hos l\u00e6sere, der er med i et s\u00e6rligt l\u00e6serbarometer.P\u00e6dagogstuderende Lisbeth Tinghus har l\u00e6st bogen og skriver om den:<\/strong><\/p>\n<p>\u00bbDet har v\u00e6ret en forn\u00f8jelse at l\u00e6se \u2019Skolehaver\u2019 fra f\u00f8rste til sidste side, fordi der tydeligt er beskrevet de mange forskellige l\u00e6ringsmuligheder arbejdet med skolehaver indeholder. Jeg har is\u00e6r v\u00e6ret optaget af afsnittene om, hvordan skolehaver bliver brugt i Tyskland og England.<\/p>\n<p>Bogen adskiller sig fra andre b\u00f8ger, som jeg har l\u00e6st, ved at have en h\u00f8j grad af faglighed og samtidig v\u00e6re nem at l\u00e6se. Indholdsfortegnelsen er supergod til efterf\u00f8lgende at finde netop de afsnit eller link til yderligere fordybelse, som jeg f\u00e5r brug for i forbindelse med opgaveskrivning eller udfyldelse af elevplaner, handleplaner, \u00e5rsplaner o. lign.<\/p>\n<p>\u2019Skolehaver\u2019 henvender sig prim\u00e6rt til l\u00e6rere, men jeg synes i h\u00f8j grad, at den er anvendelig for p\u00e6dagoger ogs\u00e5. Jeg har f\u00e5et masser af inspiration og eksempler p\u00e5 argumentation for, at jeg vil arbejde med udeliv som p\u00e6dagog. Skolehaver kan i min optik v\u00e6re et godt udgangspunkt for et tv\u00e6rprofessionelt samarbejde l\u00e6rere og p\u00e6dagoger imellem\u00ab.<\/p>\n<p>Lisbeth Tinghus<\/p>\n","protected":false},"excerpt":{"rendered":"<p>Forlaget Frydenlund har sendt Skolehaver i praksis til vurdering hos l\u00e6sere, der er med i et s\u00e6rligt l\u00e6serbarometer.P\u00e6dagogstuderende Lisbeth Tinghus har l\u00e6st bogen og skriver om den: \u00bbDet har v\u00e6ret en forn\u00f8jelse at l\u00e6se \u2019Skolehaver\u2019 fra f\u00f8rste til sidste side, fordi der tydeligt er beskrevet de mange forskellige l\u00e6ringsmuligheder arbejdet med skolehaver indeholder. Jeg har &hellip; <a href=\"http:\/\/skolehaver.com\/?page_id=402\" class=\"more-link\">L\u00e6s videre<span class=\"screen-reader-text\"> &#8220;Frydenlunds l\u00e6serbarometer&#8221;<\/span><\/a><\/p>\n","protected":false},"author":1,"featured_media":0,"parent":374,"menu_order":0,"comment_status":"open","ping_status":"open","template":"","meta":{"footnotes":""},"class_list":["post-402","page","type-page","status-publish","hentry"],"_links":{"self":[{"href":"http:\/\/skolehaver.com\/index.php?rest_route=\/wp\/v2\/pages\/402","targetHints":{"allow":["GET"]}}],"collection":[{"href":"http:\/\/skolehaver.com\/index.php?rest_route=\/wp\/v2\/pages"}],"about":[{"href":"http:\/\/skolehaver.com\/index.php?rest_route=\/wp\/v2\/types\/page"}],"author":[{"embeddable":true,"href":"http:\/\/skolehaver.com\/index.php?rest_route=\/wp\/v2\/users\/1"}],"replies":[{"embeddable":true,"href":"http:\/\/skolehaver.com\/index.php?rest_route=%2Fwp%2Fv2%2Fcomments&post=402"}],"version-history":[{"count":2,"href":"http:\/\/skolehaver.com\/index.php?rest_route=\/wp\/v2\/pages\/402\/revisions"}],"predecessor-version":[{"id":404,"href":"http:\/\/skolehaver.com\/index.php?rest_route=\/wp\/v2\/pages\/402\/revisions\/404"}],"up":[{"embeddable":true,"href":"http:\/\/skolehaver.com\/index.php?rest_route=\/wp\/v2\/pages\/374"}],"wp:attachment":[{"href":"http:\/\/skolehaver.com\/index.php?rest_route=%2Fwp%2Fv2%2Fmedia&parent=402"}],"curies":[{"name":"wp","href":"https:\/\/api.w.org\/{rel}","templated":true}]}}